4*k + 2*h - 119 = -h, k + h = 30. Let v = 29 - k. Suppose 6*s - 44 - 286 = v. What is the units digit of s?
5
Let v be ((-15)/(-20))/3 + 31/4. Suppose -3*c - 2*u + 386 = 0, -5*c - 3*u = -v*c + 411. What is the units digit of c?
2
Suppose 0 = 18*t - 78057 - 83907. What is the units digit of t?
8
Suppose -22*h - 133128 = -54*h + 28*h. What is the hundreds digit of h?
2
Let o(p) = 2*p**2 - 9*p + 46. Let l(x) = 3*x**2 - 9*x + 47. Let g(i) = 4*l(i) - 5*o(i). What is the units digit of g(-17)?
3
Let j = 99977 + -55620. What is the hundreds digit of j?
3
Suppose -c - 5*i - 42 = -3*i, 4*c = 3*i - 201. Let j = 53 + c. Suppose -r + 52 = z, 0 = z + 2*z + j*r - 154. What is the tens digit of z?
5
Let u(y) = -y**2 - 7*y + 10. Let r be u(-7). Let o be 3*(765/(-33) + 10/55). Let b = r - o. What is the units digit of b?
9
Let k be (9 - -16)*(-29 + 0 + -2). Let m = k + 1399. What is the hundreds digit of m?
6
Let a(y) = 34*y**3 - 68*y**2 + 30*y + 50. Let i(b) = 12*b**3 - 23*b**2 + 10*b + 17. Let r(w) = 4*a(w) - 11*i(w). What is the hundreds digit of r(7)?
5
Suppose -25029 = -3*d - 4*r + 73031, -2*r = -4. What is the tens digit of d?
8
Let a(b) be the second derivative of -b**3/6 + 7*b**2 + 40*b. What is the units digit of a(-2)?
6
Let z = 54 - 50. Suppose 5*s + z*d = 65, 7*s - 3*s - 41 = -d. Suppose -s*p + 6*p + 645 = 0. What is the units digit of p?
5
Let s be 184/44 + 6/(-33). Suppose 0*k - 3*k + 2*c = -40, s*k + 4*c - 20 = 0. What is the tens digit of 346/k - (21/35 + -1)?
3
Let p be (-15)/25*-5*112/(-7). Let m = p - -659. What is the tens digit of m?
1
Let t = 96337 - 36513. What is the thousands digit of t?
9
Let i(m) = 633*m**2 + 37*m - 84. What is the tens digit of i(4)?
9
Let w(l) = -l**2 + 12*l + 7. Let r(f) = -f**2 + 13*f + 8. Let a(t) = -3*r(t) + 2*w(t). Let g be a(16). What is the tens digit of 18*-6*g/(-9)?
7
Suppose 0 = -3*v + 2*r + 56694 + 3941, 40426 = 2*v - 4*r. What is the hundreds digit of v?
2
What is the thousands digit of 69*4/18*(55107/18 + 18)?
7
Suppose g + 10640 = -19*g. Let o = g - -675. What is the tens digit of o?
4
Let h be (-4)/6*261/(-6). Suppose 2*q - 6*q = -d - 35, 3*d + 71 = -5*q. Let w = h + d. What is the units digit of w?
2
Let l = 25913 - 14056. What is the units digit of l?
7
Let t(m) = 14*m - 25 + 3*m**3 - 12*m**3 + 23*m**2 + 10*m**3. What is the tens digit of t(-22)?
5
Let n = 20747 + -12973. What is the tens digit of n?
7
Suppose -2*q = p - 27613, -23*q + 4*p + 27618 = -21*q. What is the tens digit of q?
0
Suppose -5*t + 12437 = 21*t - 30333. What is the hundreds digit of t?
6
Let i = 1830 + -952. Suppose 1628 = 7*w - i. What is the hundreds digit of w?
3
Suppose 26*o = -12*o + 190. Suppose -w - 1094 = -4*t, -1594 = -5*t - o*w - 239. What is the tens digit of t?
7
Let w = 26 - 33. What is the hundreds digit of w + 490 + 3 + 1?
4
Suppose 2*h - 192 = -h + w, -2*h + 5*w = -141. What is the hundreds digit of 16352/h - 8/(-18)?
2
Let j(i) = 2*i**3 + 86*i**2 - 47*i - 77. What is the units digit of j(-41)?
4
What is the tens digit of (108/39)/(96/2460432)?
7
Suppose -3*h + 96 = 24. Suppose 24 = c - 2*n, 4*c + 2 - 150 = -5*n. Let g = c - h. What is the units digit of g?
8
Suppose v = 5*y + 10290, 1174*y - 1176*y = -v + 10281. What is the units digit of v?
5
Let d(k) = 6*k**2 + 7*k - 263. What is the hundreds digit of d(-43)?
5
Let j(t) = -5*t. Let w be j(-2). Let k be (-8)/w*(0 - 5). Suppose 0 = 10*r - k*r - 480. What is the tens digit of r?
8
Let b be ((-6788)/(-2) + 0)*20/40. Let z = b - 1009. What is the tens digit of z?
8
Suppose x = t - 4017, -3*t - 98*x + 12053 = -100*x. What is the hundreds digit of t?
0
Suppose 312 = 28*f - 18336. Let i = -79 + f. What is the units digit of i?
7
Let p(z) = -z - 22. Let d be p(-24). What is the units digit of (d + (-894)/4)*(-6 + 4)?
3
Let q(j) = -202*j**2 + 6*j + 10. Let r be q(-3). Let m = -523 - r. What is the tens digit of m?
0
Suppose 11*x - 9 = 20*x. Let p(m) = -1049*m**3 + 2*m + 4. What is the hundreds digit of p(x)?
0
Let a = 696 + 4028. Suppose 4*p + p = 3*f + 5905, 4*p = 5*f + a. Suppose -3*k + 686 = -4*s, 0 = -4*k + 5*s + p - 268. What is the hundreds digit of k?
2
Let j(r) be the second derivative of -57*r**3 + 3*r**2/2 - 9*r + 2. What is the hundreds digit of j(-1)?
3
Let h = -2098 + 3170. Suppose 0 = 5*u - u + 5*f - 2150, 0 = 2*u + 4*f - h. What is the tens digit of u?
4
Suppose -90 = 5*p - 5*h, 2*p + 4*h = -0*p - 48. What is the tens digit of -159*p/18 + (-1)/(-3)?
7
Let c(a) = a**2 - 14*a - 11. Let d(x) = -x**2 + 15*x + 12. Let y(j) = -3*c(j) - 4*d(j). Let s be y(27). Suppose 64 = -i + s. What is the tens digit of i?
6
Suppose 4*o = -z + 1792, -7*z = -12*z + 3*o + 9098. What is the hundreds digit of z?
8
Suppose 4*v - 40 = 16. Suppose -6 = -4*o + v. Suppose 85 + 370 = o*w. What is the tens digit of w?
9
Suppose 4*t - 54 = -5*g, -3*t + t - 8 = 0. Suppose -13081 = -g*s - 2035. What is the units digit of s?
9
Let x = -56 + 60. Suppose 337 = y - 4*b, -1773 = -5*y - x*b + 2*b. What is the units digit of y?
3
Suppose 138*h - 1180852 + 161170 = 0. What is the tens digit of h?
8
Let d(j) = -2857*j + 838. What is the tens digit of d(-3)?
0
Suppose 2*z = 3*q + 585, -z - 4*q - 99 = -386. What is the hundreds digit of z?
2
Let s be ((-3)/2)/(12/(-24)). Let k be s/7 - 4068/84. What is the tens digit of 1 - (1 + k) - (1 + -2)?
4
Let w(l) = 0 - 1 - 5*l + 10*l. Let k be w(1). What is the tens digit of 129 + k/((-8)/4)?
2
Suppose -3*a - 487 = -532. Suppose -a = 3*s, -1125 = -5*v + 3*s + 1095. What is the tens digit of v?
4
Let k(s) = 14*s**3 + 15*s**2 - 53*s + 6. Let r be k(4). What is the tens digit of 4 + (-32)/8 + r?
3
Suppose -q + 5*t = -8613, -7*q + 0*t - 3*t + 60291 = 0. What is the units digit of q?
3
Let p(s) = -4*s**3 - 22*s**2 + 50*s - 21. What is the thousands digit of p(-20)?
2
Let q(d) = 2*d**2 + d + 25. Let p be q(-4). Suppose -2*k + 247 = p. What is the units digit of k?
7
Let b(y) = y**3 - 5*y**2 + 2*y + 12. Let d be b(4). Suppose -311 = -2*f - 5*j, 3*f - j = -d*j + 462. What is the hundreds digit of f?
1
Let g be ((-6)/(-10) - (-276)/115)*535. Suppose 7*o + 198 = g. What is the hundreds digit of o?
2
Suppose -63240 = -89*y + 81*y. Suppose -y = -238*p + 233*p. What is the thousands digit of p?
1
Let k = 17621 - 9607. What is the units digit of k?
4
What is the thousands digit of (-4)/28 - (5 + 178842/(-42))?
4
Let o(y) be the third derivative of 187*y**4/24 - 17*y**3/6 + y**2 - 39. What is the tens digit of o(5)?
1
Suppose y + 2*c = 26, 14*c + 114 = 4*y + 17*c. Let i(l) = -2*l**3 + 61*l**2 - 17*l - 38. What is the tens digit of i(y)?
5
Let i(c) = -c**3 - 9*c**2 + 33*c + 50. Let y(b) = -8*b - 96. Let m be y(-10). What is the hundreds digit of i(m)?
3
Let n(i) = 68*i**3 - 4*i**2 + 6*i - 8. Suppose 0 = y + 5*j - 3 + 1, -5*y + 4*j = -10. What is the hundreds digit of n(y)?
5
Suppose 17*j + 10*j = 31*j - 33156. What is the units digit of j?
9
Let l be 78/208 - (-22570)/(-32)*-2. Let v = -196 + l. What is the tens digit of v?
1
Suppose -4*f - 36 = -8*f. Suppose n = f - 7. Let x = n + 6. What is the units digit of x?
8
Suppose 34428 = 5*c - 4*k, 3*k + 30282 - 9627 = 3*c. What is the tens digit of c?
8
Let g(l) = -l + 2467*l**3 - l**2 - 2335*l**3 + l. What is the hundreds digit of g(1)?
1
Suppose 5*b + 75 = -5*g, 6*b - 11*b - 62 = 4*g. Let p be 14/91 + 2628/g. Let a = p + 359. What is the tens digit of a?
5
Let v(a) be the second derivative of a**6/120 - a**4/24 + a**3/3 - 2*a**2 + 4*a. Let g(s) be the first derivative of v(s). What is the units digit of g(3)?
6
Let n be 2 - (9/6)/((-3)/2). Suppose -5*x = -5*o + 3425, -1300 = -5*o + n*x + 2121. What is the units digit of o?
3
Let g = -53 + 81. Suppose 118 = 4*f - 2*f. Let m = g + f. What is the tens digit of m?
8
Suppose w = -4 - 0. Let f be ((-9)/(-6))/(w/(-8)). Let o(c) = 12*c**2 - 6*c + 1. What is the tens digit of o(f)?
9
Suppose 0 = -2*x - 23 + 19, 3*x = u - 3713. What is the tens digit of u?
0
Suppose 5*c - 2*d - 26 = 0, -13 = -3*c + 2*d + 5. Suppose c*v - 30 = v - 3*b, v - 2*b = 16. Let u(j) = j**2 + 4*j - 50. What is the hundreds digit of u(v)?
1
Let p be (-8)/((-240)/(-54))*-5. What is the hundreds digit of 383 - (-2 + (p - 4))?
3
Suppose 5*a + 2*d + 2*d = 11142, -3*a - 3*d + 6687 = 0. Suppose 20*j - a = 13*j. What